1022340 + -2?
1022333
In base 6, what is -3 + 324205?
324202
In base 3, what is 1200012 - -1202201?
10102220
In base 7, what is 104 - 22261?
-22154
In base 13, what is c7b87 - 2?
c7b85
In base 14, what is 1c22 - -7?
1c29
In base 6, what is -2142 + 1211?
-531
In base 13, what is -4 + 6238?
6234
In base 11, what is 7631 + 36?
7667
In base 6, what is -4 + -2301120?
-2301124
In base 7, what is -1300 + -551?
-2151
In base 16, what is 14 + -1d6d?
-1d59
In base 15, what is -1782 - 2?
-1784
In base 16, what is aff03 - 0?
aff03
In base 5, what is -1412130 + 1?
-1412124
In base 2, what is 10 - -11001010110?
11001011000
In base 14, what is -61 - 9c76?
-9cd7
In base 3, what is -100000001120 - -2?
-100000001111
In base 2, what is 1010 + -1110111110?
-1110110100
In base 2, what is -10101000110101010011100 - -10?
-10101000110101010011010
In base 9, what is 2 - 13412?
-13410
In base 8, what is 2 - -4441053?
4441055
In base 3, what is 2010 - 10021112?
-10012102
In base 4, what is 1220 + -2031?
-211
In base 14, what is 6c82 - -3?
6c85
In base 7, what is 2 + -251110?
-251105
In base 6, what is -12335235 - -4?
-12335231
In base 9, what is 736037 + -20?
736017
In base 5, what is -4 - 141401434?
-141401443
In base 9, what is 7 - -27666?
27674
In base 7, what is -63546 + -6?
-63555
In base 13, what is 10 - -86733?
86743
In base 6, what is -310 + 1250?
540
In base 10, what is -20788 - -15?
-20773
In base 6, what is -2402 + 505?
-1453
In base 5, what is 1211 + 2141?
3402
In base 4, what is -1003011301 - -3?
-1003011232
In base 12, what is 16 - 84a6?
-8490
In base 11, what is -7 + -57026?
-57032
In base 10, what is -16558 - -60?
-16498
In base 15, what is 8a87 - -7?
8a8e
In base 13, what is ab21 - -3?
ab24
In base 6, what is -31114 + 2322?
-24352
In base 5, what is -203 - -330113?
324410
In base 16, what is -13a - -72c?
5f2
In base 10, what is 1118 + 26?
1144
In base 11, what is a60 + 290?
1240
In base 11, what is -183031 - 3?
-183034
In base 9, what is -6 - -16061?
16054
In base 9, what is -60372 + 2?
-60370
In base 5, what is 14404 - 22?
14332
In base 2, what is 101010110 + 10010001100?
10111100010
In base 10, what is -4595 - -5?
-4590
In base 5, what is 2120 + 132311?
134431
In base 2, what is 101000100111110110101 + 10?
101000100111110110111
In base 3, what is -10 - 1101121211222?
-1101121212002
In base 6, what is 1335 + 2?
1341
In base 10, what is -349637 - -5?
-349632
In base 15, what is -54767 + 0?
-54767
In base 8, what is 31 - -2330?
2361
In base 3, what is 2 - -21020202111?
21020202120
In base 16, what is dfd + -1e?
ddf
In base 3, what is -101012210022111 - -12?
-101012210022022
In base 9, what is 1411757 + 5?
1411763
In base 14, what is 3 + 1a4c?
1a51
In base 14, what is -2409 - -98?
-2351
In base 15, what is 2b66 - 71?
2ae5
In base 9, what is 21817 + -2?
21815
In base 4, what is -13 - -233300312?
233300233
In base 12, what is 28 + 3b1?
419
In base 2, what is -111011 - 11110011101?
-11111011000
In base 3, what is -22200112212 + -1?
-22200112220
In base 4, what is -32113 - -10212?
-21301
In base 7, what is 24 - -16222?
16246
In base 6, what is -10 - -101314?
101304
In base 12, what is 3924 + 2?
3926
In base 11, what is -124005 + -3?
-124008
In base 10, what is 7892 - 5?
7887
In base 2, what is 11101111 - -1100000010000?
1100011111111
In base 12, what is 2 + -10b?
-109
In base 15, what is 224 - 2e?
1e5
In base 2, what is 100 - 1110101100101011101?
-1110101100101011001
In base 2, what is 111101 + 1101001001010000?
1101001010001101
In base 16, what is 41d - 2a5?
178
In base 13, what is -11 + 126881?
126870
In base 12, what is -a7995 - 5?
-a799a
In base 13, what is 7b3 + 194?
977
In base 7, what is -346464 + 6?
-346455
In base 5, what is 3100 - -104?
3204
In base 12, what is 19bb1b + 2?
19bb21
In base 6, what is -53 - 14004?
-14101
In base 11, what is -229 - 16?
-244
In base 6, what is 0 - 434153?
-434153
In base 9, what is 283484 + 3?
283487
In base 15, what is -19a + cd0?
b35
In base 13, what is 660 + -58?
605
In base 10, what is -28 + -5257?
-5285
In base 15, what is a8 - 2d?
7a
In base 3, what is -10002112022 - -2?
-10002112020
In base 2, what is 111000101 + -100110011?
10010010
In base 8, what is 15 - -23726?
23743
In base 14, what is 3945 - 10?
3935
In base 12, what is 701 + 21a?
91b
In base 8, what is -277 - -170?
-107
In base 12, what is -97 + -3549?
-3624
In base 9, what is -15476 - -242?
-15234
In base 16, what is 74c - -285?
9d1
In base 7, what is 6 + -1106645?
-1106636
In base 15, what is 1 - 157a9?
-157a8
In base 3, what is -1 + 121021021020?
121021021012
In base 10, what is -8 - -4197?
4189
In base 6, what is 3 + 325105?
325112
In base 3, what is -22 + 10112020?
10111221
In base 8, what is -15760315 + 0?
-15760315
In base 8, what is 4 - 10357?
-10353
In base 16, what is -1 + -12a?
-12b
In base 15, what is 287 - -40?
2c7
In base 12, what is 99a + 479?
1257
In base 7, what is 3 + 12560?
12563
In base 3, what is 1020002210 + -111?
1020002022
In base 13, what is 3 + -385879?
-385876
In base 13, what is a1 + -417?
-346
In base 11, what is 4 + -7a372?
-7a369
In base 3, what is 22121200 - -20222?
22212122
In base 3, what is -1210 - -210022?
201112
In base 4, what is -31 + -1020320?
-1021011
In base 11, what is 5 + 1031?
1036
In base 8, what is 17444 - -75?
17541
In base 13, what is 5 - -4446a?
44472
In base 8, what is -12 - 3711?
-3723
In base 6, what is 25420 - -54?
25514
In base 13, what is -19b415 + a?
-19b408
In base 4, what is 203 - -12032?
12301
In base 13, what is 38 - -668?
6a3
In base 7, what is 3 - -40144?
40150
In base 5, what is 4410103 + -141?
4404412
In base 3, what is -11220212 + -1220?
-11222202
In base 8, what is -13 - 3021?
-3034
In base 6, what is 5 + -42243?
-42234
In base 2, what is -10110001 + 1010110000100?
1010011010011
In base 9, what is -1 + 764638?
764637
In base 10, what is -456 + 421?
-35
In base 14, what is c87 + 5?
c8c
In base 12, what is -36b + 274?
-b7
In base 5, what is -1112 + 103?
-1004
In base 5, what is 3010141214 - 3?
3010141211
In base 5, what is -140 + -2043120?
-2043310
In base 12, what is 3908 - -1b2?
3aba
In base 8, what is -21 + -4622?
-4643
In base 2, what is 10101011100001 - -10?
10101011100011
In base 6, what is -110240124 + 3?
-110240121
In base 5, what is 13433134 - 10?
13433124
In base 11, what is 2723603 - 1?
2723602
In base 10, what is 4 - -13532?
13536
In base 16, what is 169a1d - 1?
169a1c
In base 14, what is a - 20ba?
-20b0
In base 16, what is 9 - 1905?
-18fc
In base 16, what is -d + -7cf?
-7dc
In base 3, what is -11 + 20211211201?
20211211120
In base 4, what is 3 - 1310031?
-1310022
In base 12, what is -200 + -83?
-283
In base 2, what is 11100010 - 100001000?
-100110
In base 10, what is -19045 + 50?
-18995
In base 14, what is 20 - -29089?
290a9
In base 9, what is -1852 + -2840?
-4802
In base 12, what is -4 + -b3000?
-b3004
In base 15, what is -a9 - -e54?
d9a
In base 4, what is -11 + -31223311?
-31223322
In base 8, what is -1707314 + -1?
-1707315
In base 3, what is -10022 + 11121000?
11110201
In base 14, what is -1c26c + -2?
-1c270
In base 6, what is 111054 + 25?
111123
In base 14, what is -1a7329 + -5?
-1a7330
In base 11, what is 384 - 125?
25a
In base 14, what is 2 - -3718?
371a
In base 3, what is -21102 + 20011?
-1021
In base 5, what is -33234 + 324?
-32410
In base 15, what is 3 - -18a092?
18a095
In base 14, what is 5 + -bca92?
-bca8b
In base 12, what is 5 - 5567?
-5562
In base 15, what is 1018 - 165?
da3
In base 14, what is -5797 + c?
-5789
In base 14, what is -1 + -158d?
-1590
In base 8, what is 3045 + -227?
2616
In base 12, what is -4515 - 7?
-4520
In base 13, what is 5 - 35c88?
-35c83
In base 15, what is 10 - -1968?
1978
In base 9, what is 313 + 150?
463
In base 15, what is 21e9c + -3?
21e99
In base 6, what is 1 - -53330?
53331
In base 9, what is -226 - 1423?
-1650
In base 7, what is -1301 - 222?
-1523
In base 9, what is -5 + -25184?
-25200
In base 15, what is 623 + 38a?
9ad
In base 12, what is -527 - -63?
-484
In base 12, what is -2 - -13414b?
134149
In base 12, what is -4b06 - -9?
-4ab9
In base 9, what is -1316 - 111?
-1427
In base 8, what is -141 + -4355?
-4516
In base 10, what is -319 - 2203?
-2522
In base 4, what is -32130 + -1130?
-33320
In base 6, what is 1 - -20023013?
20023014
In 